et t be -1 - (2 + 2/(-1)). Let b(y) = 2*y + 4. Let a(u) = t*b(u) + 3*k(u). Calculate a(-1).
-2
Let u(h) be the first derivative of -h**3/3 - 3*h**2/2 + 8. Let n = 2 + -5. Calculate u(n).
0
Let w(r) = 7*r**2 - 3*r + 7. Let b(t) = -20*t**2 + 9*t - 20. Let s(q) = 6*b(q) + 17*w(q). Calculate s(4).
-5
Let t(o) be the first derivative of -o**4/4 + 7*o**3/3 + 4*o**2 - 4*o - 18. Suppose -33 = -4*j - 1. What is t(j)?
-4
Let t(p) = 5*p + 3 - 4 - 3*p. Let o = 9 - 11. Calculate t(o).
-5
Let a be 2/(-7) - 174/(-21). Suppose 5*f + a = f. Let u(o) = -3*o - 2. Let i(n) = 16*n + 9. Let t(w) = 2*i(w) + 11*u(w). Calculate t(f).
-2
Let q(d) be the first derivative of d**7/840 - d**6/180 - d**4/12 - d**3 - 6. Let r(a) be the third derivative of q(a). What is r(3)?
7
Suppose -3*u + 7 = -5. Suppose -5*z + 12 = -u*m, -z + 4*z + 4*m = -12. Suppose 2*a + z*a = 0. Let g(x) = -x**2 + 4. Calculate g(a).
4
Let b(l) = -3*l + 8*l**3 + 4*l - 3*l**2 + 3*l**2. What is b(-1)?
-9
Let j(b) = 2 - 5*b**3 - 3*b - b**2 + 2*b**3 + 4*b**3. Calculate j(2).
0
Let f(m) be the second derivative of -1/3*m**3 + 2*m + 3/2*m**2 + 0. Let g = 51 + -49. Give f(g).
-1
Let l(u) = u**3 - 7*u**2 - u + 7. Let p be (-6)/21 - 153/(-21). What is l(p)?
0
Let z(y) be the first derivative of -y**3/3 + y**2/2 - 3*y - 3. Suppose -15 = c + 5*a, a - 1 = c - 4. Suppose 5*f + c*f = 0. What is z(f)?
-3
Let d be 2*(-2 + 1 - -2). Let f(w) = 3*w**2 + 13*w - 3. Let g(i) = -i**2 - 4*i + 1. Let b(p) = -2*f(p) - 7*g(p). Give b(d).
7
Let o(d) = 1 - 5*d**3 + d**3 - 4*d**3. Suppose 0 = 3*b - p + 5, -3*b + 0*b + 4*p - 20 = 0. Suppose i - 5 = b, -2*i + 8 = -2*f - 0*i. Give o(f).
-7
Let v(k) = k - 5. Let u be (-3)/6*2 + -6. Let m = 3 + u. Let n be ((-5)/(-2))/((-2)/m). What is v(n)?
0
Let z(f) = f**2 - 6*f + 3. Let g(t) = 3*t - 1. Let l be g(1). Let h be l + (0 + 2)/2. Let y be -2 + h + (4 - 1). What is z(y)?
-5
Let i(w) = -4*w**3 - w**2 + w. Suppose -u + 2 + 15 = 3*x, -x = u - 7. Let p = u + -2. Suppose z - 1 + 0 = p. What is i(z)?
-4
Suppose 1 + 5 = -3*o. Let a(m) = m**2 + 5*m + 6. Let h be a(-4). Let c(g) = -g - 1 + 3 - 28*g**h + 27*g**2. What is c(o)?
0
Suppose 0 = 4*y + y - 15. Let i be y + -4 - 1*-3. Let j(k) = -k - k**i + 1 + 0*k**2 + 4*k. Determine j(2).
3
Let r(z) = -3*z + 1. Suppose 10*n - 108 = -8*n. What is r(n)?
-17
Suppose 36 = -4*t + 2*t. Let f = 12 + t. Let b(l) = l**2 + 4*l - 5. Calculate b(f).
7
Let f(z) be the first derivative of 0*z**2 - 2*z - 1/6*z**3 - 1. Let u(n) be the first derivative of f(n). What is u(-3)?
3
Let r = 5 + -7. Let j(o) = -o + 9. Let x be j(8). Let y(p) = p + p - p - 1 - x. Give y(r).
-4
Suppose -6*c = -c - 15. Let u(n) = -2*n**3 - n + 2 - 3 + 2*n**2 + c - 6*n**2. Give u(-2).
4
Let x(d) = -d**2 + 7*d - 2. Let h(z) = -z**2 + 7*z - 2. Let q(b) = -3*h(b) + 4*x(b). Let c(w) = w**3 - 3*w**2 + 2*w + 1. Let u be c(3). What is q(u)?
-2
Let q = -22 - -26. Let b(t) be the third derivative of t**5/60 - t**4/4 + t**3/3 - t**2. Give b(q).
-6
Let o(d) = -3*d**3 - 23*d**2 - 5*d + 12. Let l(x) = 2*x**3 + 15*x**2 + 3*x - 8. Let b(j) = -8*l(j) - 5*o(j). Let q be 2 - 28/(2 + 2). Determine b(q).
-1
Suppose 0 = -w + r - 1, w + 10 = 5*r - 7. Let p be (-7 - (4 - w)) + 2. Let u(c) = 2*c + 4. What is u(p)?
-8
Let q(m) be the second derivative of -m**4/12 - m**3/2 - 3*m**2/2 - 14*m. Determine q(3).
-21
Let f(v) = v**2 + 10*v - 1. Let a(j) = j. Let t(n) = 6*a(n) - f(n). Suppose -2*z = -r + 14, -4*z - 3*r = r + 52. Let h = 6 + z. What is t(h)?
4
Let c = 71 - 68. Let u(s) = 0 + 0*s + 1 - s. Give u(c).
-2
Let f be (-1)/((-2)/(-2*1)). Let k(d) = -9*d - 1. Let x(h) = 9*h + 1. Let q(m) = m - 10. Let r be q(7). Let s(a) = r*x(a) - 4*k(a). Give s(f).
-8
Let o(k) be the second derivative of -k**6/360 - k**4/4 + k. Let b(r) be the third derivative of o(r). What is b(4)?
-8
Let n(v) be the second derivative of v**3/6 + v**2/2 - v. Let y = -16 + 15. Give n(y).
0
Let o be (-2)/8 + (-52)/(-16). Suppose -8*m = -5*c - o*m - 45, 10 = 2*c + 5*m. Let n(b) = 6*b + b**3 - b**2 - b**2 + 8*b**2. Calculate n(c).
-5
Let f(o) = 2*o + 4 - 1 + 2. Suppose 0*d - t + 23 = -4*d, 0 = -3*t + 9. Determine f(d).
-5
Suppose 2*r + k - 9 = 3*r, 5*r = k - 29. Let z(u) = -2*u**3 - 6*u**2 + 3*u + 1. Let n(w) = -w**3 - w**2 + w - 1. Let c(l) = -n(l) + z(l). Determine c(r).
-8
Let f(v) be the third derivative of 0 - 2*v**2 + 1/24*v**4 - 5/6*v**3 + 0*v. Let n be f(6). Let p(z) = -3*z**2 + z - 1. What is p(n)?
-3
Let h(o) = -o**3 + 3*o**2 + 2*o + 1. Let z(n) = n - 5. Let m be z(7). Determine h(m).
9
Let o = -30 - -33. Let h(y) = y**3 - y**2 + y - 4. Determine h(o).
17
Suppose 5*q = 71 - 26. Let h(y) = y**3 - 10*y**2 + 8*y + 10. Give h(q).
1
Let k be -6*((-4)/3)/(-2). Suppose -5*h = 2 + 48. Let q be 34/h + k/(-10). Let i(r) = -2*r**2 - 2*r. Give i(q).
-12
Let l(w) = -4*w**3 + 8*w**2 - 3*w - 2. Let t = 17 - 12. Let m(u) = -u**3 + u**2. Let b(p) = t*m(p) - l(p). Let s(j) = -j - 1. Let o be s(3). Give b(o).
6
Let k(u) = u**3 - 7*u**2 + 3*u - 5. Let n(z) = -z - 1. Let r(m) = -k(m) + 4*n(m). Let o(i) = 2*i. Let w be o(3). Give r(w).
-5
Suppose 5*b + 0*m + 1 = 4*m, -3*m + 27 = 5*b. Let n(h) = -1 + 2 + 4*h**3 - 2*h**3 - h**b - 2*h. What is n(1)?
0
Let k(t) = t + 3. Let h(s) = s + 3. Let r(i) = -5*h(i) + 6*k(i). Calculate r(-6).
-3
Let l(s) = -s**2 + 12*s + 6 - 1 - 12*s. Let u be (0/(-1))/(-1 - -4). Calculate l(u).
5
Let a(u) = -u**3 + 3*u**2 - 2*u. Let b(h) = -h + 6. Let q be b(5). Let c be ((-6)/(-2))/q - -1. Suppose -3*f - 2 = -c*f. What is a(f)?
0
Let t(f) = -2*f + 15. Let y(h) = h - 8. Let q(g) = 4*t(g) + 7*y(g). What is q(4)?
0
Let n(f) = f + f + f + 0. Let t be 4/(-6) - 14/6. Determine n(t).
-9
Let g(l) = -9*l + 1. Let y be g(1). Let b(j) = -j**2 - 6*j + 11. Give b(y).
-5
Suppose -p = -u + 4, -3*u = -p + 2*p + 4. Let j = -8 + 13. Let v(l) = j*l + 2*l**3 + l**3 - 2*l**3 - 4*l. Calculate v(u).
0
Let h = 1 + 0. Let w(a) be the third derivative of -a**6/30 - a**5/60 + a**3/6 - 2*a**2. Calculate w(h).
-4
Let p be (-3)/2*32/(-12). Let u(l) = -3*l + p + 7*l**3 - 7 + 2 + 2*l**2 - 12*l**2. Let v(o) = -o**3 + o**2 + o. Let q(c) = -u(c) - 6*v(c). Calculate q(2).
3
Let o(m) = m**2 - m - 1. Let f be o(-2). Suppose 0*r = f*r - 25. Suppose -8 = -s - 3*b, r*s = 5*b + 8 + 12. Let y(q) = -q**3 + 5*q**2 + q + 4. What is y(s)?
9
Suppose 0 = -2*x + 5*x + 42. Let m = x - -17. Let n(d) = d**2 - 3*d - 4. Calculate n(m).
-4
Let u(j) = -j**2 + 5*j - 3. Let z = -10 + 3. Let g = 9 + z. Give u(g).
3
Let t(x) = x**2 - 3*x - 5. Suppose 0 = 4*h - 0 - 16. Suppose 2*v - h = v. Suppose 0 = -v*k + 12 + 4. What is t(k)?
-1
Let o(a) = -3*a**2 - 9*a + 2*a**2 - a**2 + 11*a. Let k = -6 - -2. Let m = k + 6. Calculate o(m).
-4
Let r(k) = 2*k**2 - 7*k - 6*k**2 + k**3 + 1 + 2*k. Suppose 2*s - 6*s = -20. What is r(s)?
1
Let d = 1 + -2. Let h = 3 + d. Let b(c) = 6*c - 2*c**3 - 2*c**2 + 3*c**3 - 4*c + 1. Give b(h).
5
Let r(j) = -j**3 + j**2 + 3*j + 4. Let w = 3 + -9. Let t be (-2 + -1)/(w/20). Suppose -2*i = b - t, 0*i + i - b = -1. Calculate r(i).
-5
Let q be 3/((-3)/(-12) - 1). Let u(x) = x**3 + 3*x**2 + 4. Calculate u(q).
-12
Let z(l) = -16 + 7*l**2 + 21 - 10 - l**3. Determine z(7).
-5
Let d(g) = -g**2 - g + 3. Let k(x) = 2*x**2 + 2*x - 5. Let c(o) = -7*d(o) - 4*k(o). Determine c(0).
-1
Let k(j) = -4*j - 1. Let g = 8 + -4. Let n be (1/1)/((-12)/(-360)). Suppose g*l + 5*t = -12, -t - 4*t - n = -5*l. Determine k(l).
-9
Let k(i) = i - 1. Let x(m) = -4*m + 4. Let v(z) = 5*k(z) + x(z). Let n = -9 - -11. Suppose -2*r - 3 = c, n*r + 2*c - 3 = 7*c. Determine v(r).
-2
Suppose g = 5*x - 27, g - 3*x + 21 = -2*g. Let y(z) = -4*z. Calculate y(g).
8
Let t(h) be the third derivative of h**4/24 - 17*h**3/6 - 25*h**2. Give t(8).
-9
Let s = 6 - 1. Let y(u) = u**3 + 5*u**2 - 6*u + 2. Let k be y(-6). Let c(a) = k*a**2 - 5*a - 6 - a**2 + 7. What is c(s)?
1
Let u(q) = q**3 + 5*q**2 + q + 1. Suppose -2*r - 3*r = 0. Suppose r = 2*s - s. Suppose -3*a + s*a = 15. What is u(a)?
-4
Let d(c) be the second derivative of -3*c**3/2 + 15*c. Suppose -3*w + 6 = -0. Let j be (1 - 2)/(w + -1). What is d(j)?
9
Let i be (-2)/9 - (-32)/(-18). Let c(x) = 1 - x - 1044*x**2 + 519*x**2 + 524*x**2. Determine c(i).
-1
Let u(p) = -p**2 - p + 1. Let b = -17 - -20. Determine u(b).
-11
Suppose -4*u + 0 = 8. Let y(r) = 7. Let b(k) = -k + 22. Let s(g) 